is divided by 5.
2
Let y be 12/3 - (-2)/(-2). Let o(a) = -2 + 2*a**2 + 0 + 2 - 2*a**y + 3*a. What is the remainder when o(-2) is divided by 10?
8
Let p = 44 + -31. Let z = p + -8. Suppose 4*s - 3 = 9. What is the remainder when z is divided by s?
2
Suppose 7*k = 8*k - 22. Calculate the remainder when 61 is divided by k.
17
Let r = -1 - -23. What is the remainder when 84 is divided by r?
18
Let p(h) = -h**3 + 6*h**2 + 4*h - 4. Let d be p(6). Suppose 4*q - 2*q - d = 0. Let z = -1 + 20. What is the remainder when z is divided by q?
9
Let a = 57 + -5. Calculate the remainder when a + (2 + 3 - 3) is divided by 28.
26
Let g(k) = 2*k**2 + 2*k - 5. Let r(j) = j + 2. Let o be r(0). Suppose -5*p + o*z = -86, -p + 9 + 13 = 2*z. What is the remainder when g(-5) is divided by p?
17
Suppose -1 = 2*i - 5. Let x = -24 + 31. What is the remainder when x is divided by i?
1
Let x(q) = q**3 - 10*q**2 - 10*q + 15. Let r = -37 + 86. What is the remainder when r is divided by x(11)?
23
Suppose 7*o - 6 = 5*o. Suppose o*c + 2*v = 33, -5*c - 5*v - 32 = -87. What is the remainder when c is divided by 4?
3
Suppose 3*p + 174 = 2*i, -4*p + 412 = 5*i - 0*p. Suppose -3*s + 0*s = -i. Let z = -16 - -26. Calculate the remainder when s is divided by z.
8
Let y be 4/(-22) - 245/(-77). Suppose 8 = -y*t + 4*t. Let r = 29 + -14. What is the remainder when r is divided by t?
7
Let g = 7 - -1. Suppose -u - 1 = 2. Let p = u - -6. Calculate the remainder when g is divided by p.
2
What is the remainder when 3 is divided by (4 + -1)*(6 + -5)?
0
Let m = -51 - -55. Let d(c) = 5*c - 2. What is the remainder when d(4) is divided by m?
2
Suppose 3*z + 1 = -2, n = -4*z - 3. Suppose n - 4 = -h. Suppose h*p = 5 + 7. Calculate the remainder when 7 is divided by p.
3
Suppose -m = -5 + 2, 28 = 2*o + 2*m. What is the remainder when o is divided by 8?
3
What is the remainder when (-8)/6*((-5 - -7) + -5) is divided by 1?
0
Let h(n) = -n**2 + 3*n + 2. Let v be h(3). Suppose -2*i + 3*k = -16, -v*i + 5*k = -i - 1. Calculate the remainder when 122/6 + (-1)/3 is divided by i.
9
Let r(j) be the second derivative of -2*j**3/3 - 3*j**2/2 - 3*j. What is the remainder when r(-8) is divided by 10?
9
Let p(q) = 6*q - 2. Let l = -64 - -110. What is the remainder when l is divided by p(3)?
14
Suppose 14*n - 39 = 11*n. What is the remainder when n is divided by 3?
1
Let t(m) = 3*m - 7. Let l = -9 - -15. Let o be t(l). Suppose -z = -2*v - 31, v + 20 = z - o. What is the remainder when z is divided by 11?
9
What is the remainder when 20 is divided by ((-14)/(-2))/(2 - 1)?
6
Let m(z) = -z**3 + 9*z**2 - 8*z - 1. Let x be m(7). Suppose 2*c + x = 179. What is the remainder when c is divided by 18?
15
Let j(f) = -f**2 + 6*f - 6. Let y be j(5). Calculate the remainder when 25 is divided by 160/12 - y/(-3).
12
Let m(g) = -3*g**3 + 19*g**2 + 14*g + 11. Let h(l) = 2*l**3 - 10*l**2 - 7*l - 6. Let w(o) = -5*h(o) - 3*m(o). What is the remainder when w(-7) is divided by 16?
14
Let x be (-209)/(-5) + 3/15. Suppose -w + 3*w - x = 0. Calculate the remainder when w is divided by 11.
10
Let j = -58 + 71. Calculate the remainder when j is divided by 4.
1
Let a(m) = m**3 - 8*m**2 + 8*m - 4. Let t be a(7). Suppose -36 = -2*d + t*l, d - l - 62 = -3*d. Calculate the remainder when d is divided by 9.
6
Suppose -197 = -4*a - 3*r, -2*r = 4*a - r - 207. Calculate the remainder when a is divided by 14.
11
Let l = -83 + 190. Calculate the remainder when l is divided by 27.
26
Let f(d) = 2*d**2 + d + 4. Let m = -7 - -4. What is the remainder when 36 is divided by f(m)?
17
Let x(y) = -y**2 - 3*y + 3. Let s = -18 + 18. Suppose 3*t - 6 + 0 = s. What is the remainder when x(-3) is divided by t?
1
Let p(c) = -c**2 + 4*c + 7. Let d be p(6). Let v(j) = -5*j - 6. Calculate the remainder when 56 is divided by v(d).
18
Suppose -3*n - 24 = -4*n + a, 5*n = -a + 126. Let y = 3 - -6. What is the remainder when n is divided by y?
7
Let m(v) = v**2 - v - 1. Let n(b) = b**2 - 6*b - 5. Let r(x) = 2*m(x) - n(x). What is the remainder when 15 is divided by r(-5)?
7
Let h(b) = -3*b**3 + 2*b + 1. Suppose -3*g + 8 - 2 = 0. Suppose d = -0*d - g. Calculate the remainder when h(d) is divided by 11.
10
Suppose 2*y = 1 - 5. Calculate the remainder when (4/y)/((-1)/4) is divided by 5.
3
Suppose -298 = -5*x - k, 0 = -3*x - k + 93 + 87. Calculate the remainder when x is divided by 20.
19
Suppose z - 237 = -3*g, 237 = 3*g + 6*z - z. What is the remainder when g is divided by 9?
7
Suppose 54 = 4*p - 94. Calculate the remainder when p is divided by 8.
5
Suppose 1083 = 4*f + 2*h - 7*h, h + 1338 = 5*f. What is the remainder when f is divided by 67?
66
Let i(o) = o - 8. Let x be i(8). Suppose x = 2*n - 11 - 23. What is the remainder when n is divided by 9?
8
Let m = -42 - -124. Calculate the remainder when m is divided by 17.
14
Suppose 16 = -g + 20. What is the remainder when g is divided by (-2)/6 + 20/6?
1
Let t = -144 + 197. Calculate the remainder when 211 is divided by t.
52
Let w = 87 + -79. Calculate the remainder when 54 is divided by w.
6
Let a = 50 - 27. What is the remainder when 67 is divided by a?
21
Let q(c) = -3*c + 6. Suppose -5*o + 4*u = -2*o - 43, -2*o + u = -27. What is the remainder when q(-6) is divided by o?
11
Let s = -14 + 26. Let n = 23 - s. What is the remainder when 20 is divided by n?
9
Suppose 134 + 13 = 3*r. What is the remainder when r is divided by (13/2)/((-2)/(-4))?
10
Let p(u) = -13*u**3 - u**2 - u + 2. Let v be p(-2). Suppose v + 41 = 5*x. Calculate the remainder when x is divided by 29/2 + 3/6.
14
Suppose -3*i - 8 = -7*i. Suppose -4*u + i*q = 4*q - 54, 4*u = -q + 55. Calculate the remainder when 27 is divided by u.
13
Suppose m + 11 = -4*w + 24, 3*m + 4*w - 79 = 0. Let n(s) = s**3 - 10*s**2 + 9*s + 12. What is the remainder when m is divided by n(9)?
9
Let n(z) be the first derivative of z**2 - z - 2. Let y(q) = 7*q - 5. Let f(b) = 9*n(b) - 2*y(b). Calculate the remainder when 40 is divided by f(5).
19
Suppose -3*i - 3*w + 5 + 91 = 0, -5*i - w = -156. Let x = -7 - 2. What is the remainder when i is divided by 62/6 + (-6)/x?
9
Suppose 0 = 5*j - 15, 2*p + j - 5 = 2*j. What is the remainder when 14 is divided by p?
2
Let r(p) = -2*p**3 - 6*p**2 - 3*p - 5. Let o(b) = -b**3 - 6*b**2 + 4*b - 11. Calculate the remainder when r(-4) is divided by o(-7).
9
Let k be (-4)/(-10) + (-36)/(-10). Suppose -p + k*p = 51. Calculate the remainder when 65 is divided by p.
14
Let w(z) = -z**2 - z**2 - 4*z + 0*z**2 + z**2 + 7. Let j(k) = -k**2 - 1. Let b be j(2). Calculate the remainder when 3 is divided by w(b).
1
Suppose 7 - 24 = -f. Calculate the remainder when 33 is divided by f.
16
Let v = 57 + -33. Calculate the remainder when v is divided by 13.
11
Let w(u) = -2*u**3 + 22*u**2 + 15*u - 21. Calculate the remainder when w(11) is divided by 21.
18
Let z(p) = 2*p**2 - 8*p + 2. What is the remainder when 35 is divided by z(5)?
11
Let z(p) = p**2 + 5*p. Let f(o) = o**2 - 7*o + 4. Suppose 5*t = 6*t - 7. Calculate the remainder when z(-6) is divided by f(t).
2
Let h(u) = 3*u - 19. Calculate the remainder when 17 is divided by h(10).
6
Let c = 96 + -86. What is the remainder when c is divided by 6?
4
Let s(r) = 2*r - 9. Let q be s(7). Suppose 0 = -3*g + g + 2*v + 36, 0 = q*g - 4*v - 88. Calculate the remainder when g is divided by 9.
7
Let r be 3/9 + 33/9. Suppose 4*m - 54 = v - 2*v, -v - 50 = -r*m. Suppose -2*p + m + 3 = -4*w, -3*p = 2*w. Calculate the remainder when p is divided by 1.
0
Suppose -v = 2*p - 104, 0*v = -p + v + 52. What is the remainder when 100 is divided by p?
48
Suppose 4*y - i = 93, -69 = -2*y + 5*i - 0*i. Let s = 3 + 9. What is the remainder when y is divided by s?
10
Let i(t) = -6*t + 3. Calculate the remainder when (2/(-4))/(3/(-366)) is divided by i(-3).
19
Let w = 33 + -24. What is the remainder when w is divided by 3?
0
Let g = 26 + -9. What is the remainder when 31 is divided by g?
14
Let c(w) = w**3 + 7*w**2 - w + 2. Calculate the remainder when (-2)/(-2)*30/2 is divided by c(-7).
6
Let x be 38 + 3/(-6 - -3). Let v = x + -26. Suppose 4*w + 9 = 5*j, 0 = -4*w + 4*j - 3*j + 11. Calculate the remainder when v is divided by w.
3
Let t = 18 + 11. Let r = 27 - 15. Calculate the remainder when t is divided by (-2 - -1) + r + -1.
9
Let g(o) = 2*o**